139*j + 200899. Calculate u(64).
3
Let p(m) = -6*m**3 - 104*m**2 - 34*m + 1511. What is p(-16)?
7
Let g(t) = -t**3 + 184*t**2 - 5101*t + 144. Calculate g(34).
110
Let y(z) = 3*z - 272. Determine y(37).
-161
Let t(x) = 249840*x + 249828. What is t(-1)?
-12
Let p(f) = -27*f**2 + 118*f + 92. Calculate p(-2).
-252
Let d(j) = j**2 + 17463*j + 139654. Determine d(-8).
14
Let f(h) = 682*h**2 + 940*h - 41. What is f(0)?
-41
Let y(i) = -i**3 + 60*i**2 + 79*i - 8099. Calculate y(59).
43
Let m(h) = 503*h - 4746. Determine m(12).
1290
Let x(w) = -2587*w + 3715. What is x(2)?
-1459
Let j(f) = 6*f**2 - 186*f + 1385. What is j(18)?
-19
Let l(g) = 2*g**3 - 214*g**2 - 220*g + 373. What is l(108)?
-59
Let f(j) = -14*j**2 + 849*j - 513. Calculate f(60).
27
Let v(f) = 50*f**2 - 346*f - 788. Determine v(10).
752
Let j(l) = 1256*l - 44779. Calculate j(36).
437
Let i(p) = -640*p + 20002. Give i(31).
162
Let k(o) = -2050*o - 149101. Determine k(-73).
549
Let q(z) = -2959*z - 59173. Give q(-20).
7
Let d(n) = -3*n**2 - 1488*n - 2966. Determine d(-2).
-2
Let d(g) = -8330*g - 8100. Calculate d(-1).
230
Let a(f) = -2*f**2 - 220*f + 454720. Calculate a(425).
-30
Let t(r) = -3*r**3 - 607*r**2 - 207*r - 1385. Give t(-202).
-375
Let w(c) = -127*c**3 - 881*c**2 + 88*c + 22. Give w(-7).
-202
Let o(k) = 31*k**3 - 8483*k**2 - 3028*k + 3844. Give o(274).
8
Let n(h) = h**3 + 146*h**2 - 87*h + 30674. Calculate n(-148).
-258
Let q(b) = b**3 + 118*b**2 + 16*b + 2933. Give q(-118).
1045
Let a(l) = -7386*l - 1331. What is a(0)?
-1331
Let u(x) = -284*x**2 - 176*x - 19. Give u(-2).
-803
Let p(i) = -i**2 + 6753*i + 4142559. Determine p(-566).
5
Let k(i) = i**3 - 61*i**2 + 84*i + 5225. Determine k(58).
5
Let y(i) = -i**3 + 38*i**2 + 218*i - 7702. What is y(39)?
-721
Let q(r) = 28*r**2 - 1136*r - 1843. Calculate q(43).
1081
Let v(o) = -12*o**3 - 3541*o**2 - 282*o + 3767. What is v(-295)?
-68
Let n(h) = -1736*h + 42882. Give n(25).
-518
Let y(a) = -3*a**3 + 94*a**2 + 429*a - 1541. What is y(35)?
-1
Let b(f) = 39*f**2 + 5478*f + 173087. Give b(-48).
-1
Let a(i) = -i**2 + 4514*i + 177541. What is a(-39)?
-26
Let j(a) = 5564*a - 49253. Give j(9).
823
Let o(x) = 4024*x + 20139. Calculate o(-5).
19
Let g(t) = 44*t**2 - 2552*t + 109. What is g(58)?
109
Let m(u) = 836*u - 2925. Determine m(4).
419
Let k(i) = i**2 - 1743*i - 174577. What is k(-95)?
33
Let m(v) = 2*v**3 - 81*v**2 - 277*v + 12669. Give m(40).
-11
Let j(u) = 417008*u - 1251029. Give j(3).
-5
Let q(t) = 4*t**2 - 138*t - 640. Determine q(39).
62
Let s(h) = 4149*h + 128571. Calculate s(-31).
-48
Let z(l) = 2*l**2 - 828*l - 35338. What is z(-39)?
-4
Let c(w) = 1653*w + 922373. What is c(-558)?
-1
Let s(t) = -8*t**3 + 177*t**2 + 507*t - 112. Determine s(-3).
176
Let z(n) = -12*n**3 + 110*n**2 - 117*n + 986. Determine z(9).
95
Let w(y) = y**3 + 184*y**2 + 31*y + 5705. Determine w(-184).
1
Let b(k) = -k**2 + 42*k + 32249. Determine b(-160).
-71
Let s(c) = -3*c**2 - 379*c - 9851. Calculate s(-36).
-95
Let h(u) = 19140*u + 133965. Calculate h(-7).
-15
Let r(u) = u**3 - 8*u**2 + 674*u - 7756. What is r(11)?
21
Let g(a) = 50*a**2 + 2625*a - 12803. Calculate g(-57).
22
Let m(f) = -2*f**3 - 418*f**2 - 457*f - 8524. Determine m(-208).
4
Let u(m) = 2581*m - 141793. Determine u(55).
162
Let r(n) = 553*n - 2077. What is r(3)?
-418
Let j(q) = -9*q**3 - 3888*q**2 + 7772*q - 17366. Calculate j(-434).
-6
Let i(s) = -s**3 - 10*s**2 + 10583*s - 95. Calculate i(-108).
13
Let w(s) = 279*s**2 - 138*s + 262. Determine w(2).
1102
Let i(d) = -4371*d**2 + 8737*d - 4. What is i(2)?
-14
Let t(j) = -14*j**2 - 863*j - 8894. What is t(-13)?
-41
Let r(o) = 105*o - 4885. Calculate r(47).
50
Let i(s) = s**2 - 104684*s - 837486. Determine i(-8).
50
Let c(b) = 101*b - 4145. Determine c(42).
97
Let k(c) = 2023*c + 23923. Calculate k(-12).
-353
Let y(o) = -4242*o + 21155. What is y(5)?
-55
Let i(g) = 964*g - 6232. Determine i(6).
-448
Let s(j) = -190462*j**2 + 952309*j + 2. Calculate s(5).
-3
Let o(d) = 2*d**2 - 122*d - 11019. Determine o(117).
2085
Let w(d) = 373010*d - 2238003. Give w(6).
57
Let y(t) = -t**3 - 24*t**2 + 83*t - 114. Determine y(-27).
-168
Let k(c) = 3680*c + 14756. Calculate k(-4).
36
Let a(x) = -15*x**3 - 12*x**2 - 1490*x + 12051. Determine a(8).
-8317
Let z(m) = -1137*m - 47134. Determine z(-44).
2894
Let i(c) = 485*c - 116860. What is i(241)?
25
Let i(w) = -347*w + 339031. Determine i(977).
12
Let a(l) = 17*l**2 - 7277*l - 405826. What is a(478)?
-4
Let f(k) = 9*k**3 + 3*k**2 - 20*k + 6. Give f(-6).
-1710
Let l(q) = q**3 + 46*q**2 - 24*q - 188. Determine l(-47).
-1269
Let y(a) = -2*a**3 - 236*a**2 - 1345*a + 33. Give y(-6).
39
Let s(o) = -75*o**2 - 39*o - 45. Determine s(2).
-423
Let w(b) = -376*b**2 + 6396*b - 77. Determine w(17).
-9
Let y(f) = 4*f**2 + 68*f - 62. Give y(-8).
-350
Let l(g) = -g**3 - 8*g**2 - 165*g - 2045. What is l(-13)?
945
Let l(h) = -h**3 - 225*h**2 + 498*h + 9436. Determine l(-227).
-552
Let x(n) = 429*n**2 + 251*n - 7. Give x(-2).
1207
Let j(w) = w**3 + 275*w**2 + 8609*w + 1243. Calculate j(-239).
48
Let b(t) = -3*t**3 + 72*t**2 + 29*t + 32. Calculate b(25).
-1118
Let i(c) = 491*c**2 + 3911*c - 74. Calculate i(-8).
62
Let g(p) = -p**3 - 66*p**2 + 38*p + 17706. Calculate g(-62).
-26
Let b(k) = k**2 - 247*k + 11719. What is b(64)?
7
Let k(f) = -149039*f - 24442409. Calculate k(-164).
-13
Let d(v) = -v**3 - 54*v**2 - 5622*v + 35895. Determine d(6).
3
Let z(j) = 24041*j + 240416. What is z(-10)?
6
Let t(r) = 377*r**2 + 24123*r - 4. Calculate t(-64).
316
Let h(y) = 88*y**3 - 14*y**2 - 3*y + 37. What is h(2)?
679
Let v(j) = -382*j**2 + 1138*j - 5. Determine v(3).
-29
Let z(k) = 1659*k - 1547832. What is z(933)?
15
Let y(t) = -73*t**2 - 1618*t - 318. Determine y(-22).
-54
Let w(r) = 3*r**2 - 468*r - 10352. Give w(-21).
799
Let u(y) = 13807*y + 110498. Calculate u(-8).
42
Let j(n) = 25779*n - 1288938. Determine j(50).
12
Let u(l) = -4186*l + 12700. Calculate u(3).
142
Let y(t) = t**3 - 19*t**2 - 96*t - 1379. Calculate y(25).
-29
Let r(c) = -3*c**2 - 339*c - 3649. Calculate r(-101).
-13
Let i(n) = 2868*n - 10297. Give i(3).
-1693
Let a(r) = 1787*r**2 + 10828*r + 641. Give a(-6).
5
Let w(k) = -3*k**3 - 104*k**2 + 648*k + 10179. Calculate w(-38).
-5
Let j(y) = -48*y**2 - 7399*y + 22210. Give j(3).
-419
Let u(j) = -2*j**2 + 535*j + 3263. Calculate u(-6).
-19
Let t(a) = 12*a**2 - 103*a + 1111. Calculate t(12).
1603
Let q(m) = 79*m**2 - 501*m - 7390. Give q(-7).
-12
Let s(d) = d**3 + 29*d**2 + 217*d + 10011. Calculate s(-32).
-5
Let w(x) = x**2 + 217*x + 4582. Give w(-128).
-6810
Let t(u) = -4053*u - 32375. Calculate t(-8).
49
Let n(s) = -124*s - 2532. Calculate n(-30).
1188
Let j(r) = 1588*r - 87247. What is j(55)?
93
Let c(k) = 96322*k - 3467581. What is c(36)?
11
Let d(m) = -4673*m - 383190. Calculate d(-82).
-4
Let i(w) = -133*w - 48725. Give i(-363).
-446
Let t(h) = 1028*h + 222095. What is t(-216)?
47
Let t(b) = 6*b**2 + 1035*b - 19171. What is t(17)?
158
Let r(t) = 2*t**2 - 1863*t + 384721. Determine r(309).
16
Let f(u) = 110*u**2 - 685*u + 972. Determine f(4).
-8
Let r(b) = b**3 + 42*b**2 - 129*b - 727. Calculate r(-3).
11
Let u(c) = 3534*c - 123644. Give u(35).
46
Let i(h) = -419*h**2 - 316*h - 634. Give i(-2).
-1678
Let s(h) = h**2 + 2059*h + 26575. Give s(-13).
-23
Let s(v) = -v**2 - 14713*v - 58836. Give s(-4).
0
Let i(o) = -o**3 + 511*o**2 + 42639*o + 507. What is i(-73)?
-4
Let d(m) = 22246*m + 154864. Determine d(-7).
-858
Let g(p) = 47*p**2 - 272*p - 84. Determine g(6).
-24
Let i(k) = -8*k**2 - 440*k + 505. Calculate i(-56).
57
Let u(g) = -1074*g - 136860. What is u(-127)?
-462
Let n(s) = -s**3 - 10*s**2 + 7010*s + 98230. Determine n(-14).
874
Let b(g) = -11110*g - 244370. Give b(-22).
50
Let v(s) = -57142*s - 685705. Determine v(-12).
-1
Let k(a) = a**3 + 141*a**2 - 2339*a - 15. Determine k(15).
0
Let b(j) = -9*j**2 - 25*j + 360. Calculate b(11).
-1004
Let i(h) = h**3 + 84*h**2 + 172*h + 902. Give i(-82).
246
Let h(q) = -12*q**2 + 435*q + 4251. What is h(-8)?
3
Let w(j) = 908*j + 214299. Calculate w(-236).
11
Let h(m) = 11*m**3 - 2*m**2 - 295*m - 1156. Determine h(-4).
-712
Let h(f) = -f**3 - 79*f**2 + 216*f - 2491. What is h(-82)?
-31
Let n(p) = -469*p - 1624. What is n(-3)?
-217
Let m(c) = -4*c**2 - 3998*c + 36075. Determine